= r - 15. Is 17 a factor of (2 + 72/b)*5?
False
Suppose 3*c - v - 581 = 0, -5*v + 3*v = 10. Suppose 6*s = 2*s + c. Does 6 divide s?
True
Suppose -9*f + 1456 + 6968 = 0. Is 14 a factor of f?
False
Does 21 divide 306/408 + 4850/8?
False
Let x(h) be the second derivative of h**4/6 + h**3/6 + h**2 - 14*h. Is 8 a factor of x(-6)?
False
Let r be 12/(-6)*1/2. Is 79 + -3*r/3 a multiple of 21?
False
Let h be (48/(-60))/((-2)/5). Suppose -260 = -h*a - 32. Is 38 a factor of a?
True
Suppose -1313 = -5*y - 0*r + 2*r, -y = -r - 262. Does 22 divide y?
False
Suppose 5*i + 3*u = -146 + 642, 3*u + 484 = 5*i. Let r = -5 + -57. Let z = i + r. Is 18 a factor of z?
True
Let m(o) = -42*o + 206. Is m(0) a multiple of 103?
True
Suppose 0 = 2*j - 29 - 35. Suppose a = 4*t - t - 92, a = t - j. Is 30 a factor of t?
True
Suppose m = -3*k + 9, 7*m - 2*m = 15. Suppose -k*o + 651 = 5*o. Is o a multiple of 14?
False
Suppose 2*h + 11 - 17 = 0. Suppose 34 = h*t + 5*w - 27, -3*t + 2*w = -26. Is t a multiple of 6?
True
Let n = 198 + -54. Suppose 0*v + 4*m = 5*v - n, -2*v - 2*m + 72 = 0. Is 10 a factor of v?
False
Suppose 4*u - 8*u = 0. Suppose 4*j + j - 115 = u. Is 5 a factor of j?
False
Let i = 104 + 268. Does 41 divide i?
False
Suppose -19 = -v - c, 0*v + 71 = 5*v - 3*c. Suppose -2*b + v = 4*j - 14, -2*b + 24 = 3*j. Does 4 divide j?
False
Suppose 0 - 4 = 2*o. Let t be o - (-3 - 7 - 0). Suppose -5*l - 2*s = -67, 20 = 3*s - t*s. Does 10 divide l?
False
Let j = 29 + -29. Suppose j = -u - u + 406. Is 31 a factor of u?
False
Suppose 388 - 3548 = -8*v. Suppose 7*y = 2*y - 2*x + v, 5*y - 400 = -x. Does 27 divide y?
True
Let h = -34 + 118. Does 42 divide h?
True
Suppose u + 4*q - 19 = 0, -2*u + 3*q - 1 - 16 = 0. Let k = 3 + u. Suppose -48 - k = -5*n. Does 5 divide n?
True
Let u = 45 - 44. Suppose 4*d = 5*l - 758, -u = 4*d - 13. Is 44 a factor of l?
False
Let f(t) = -12*t + 36. Suppose -5*q - 6*h - 42 = -2*h, 0 = -h - 3. Does 21 divide f(q)?
False
Suppose 72256 = 32*s + 25024. Is 18 a factor of s?
True
Suppose l = 22*q - 19*q + 151, l - 151 = q. Is l a multiple of 2?
False
Suppose c = -3*c - 3*l - 58, -2*l - 4 = 0. Let t = 34 + c. Is 21 a factor of t?
True
Let f(a) = a**3 - 9*a**2 + 9*a - 3. Let i be ((-18)/15)/(6/(-40)). Let g be f(i). Suppose -g*q + 21 = -4*q. Is 7 a factor of q?
True
Let j = 48 + -45. Suppose -5*v = -j*v - 6. Is 3 a factor of v?
True
Let r = 29 - 26. Let q be 2/(-18)*3*r. Does 11 divide 4 + q/((-4)/336)?
True
Suppose -14*q = -13*q - 12. Suppose -17*o + 700 = -q*o. Suppose 4*p - o = -r, 0 = -5*r - 3*p + 700 + 34. Is 37 a factor of r?
True
Suppose -u - 30 = -6*u. Let q(t) = t**3 - 13*t**2 + 14*t - 9. Let b(i) = i**3 - 12*i**2 + 13*i - 9. Let f(o) = -5*b(o) + 4*q(o). Does 4 divide f(u)?
False
Suppose 6*i - i - 55 = 5*b, -5*i + 55 = b. Suppose 4*d = 8, i = -5*p + 3*d + 215. Does 21 divide p?
True
Let g(b) = -b**3 - 7*b**2 + 4*b + 5. Let c be g(-7). Let n = 76 + c. Suppose -23 = 4*p + 5*k - 96, 2*p - 3*k - n = 0. Does 16 divide p?
False
Let p(d) = 3*d**2 + 12*d - 3. Let j be p(-9). Suppose 0 = 5*q + q + 360. Let r = j + q. Is 24 a factor of r?
True
Let h(u) = 4*u**3 + 10*u**2 + 4*u + 19. Let c(j) = -3*j**3 - 7*j**2 - 3*j - 13. Let a(v) = -7*c(v) - 5*h(v). Let d be a(0). Does 20 divide 458/8 + 1/d?
False
Suppose -3*u = 9, -2*u - 15 = 3*m + 2*u. Let i be (2 + -2)/(0 - m). Suppose i*l + 5*l = 45. Does 3 divide l?
True
Is 85 a factor of 7 + 0 + 172 - (1 + 0)?
False
Let i(q) = q**2 - q + 6. Let s(f) = f**3 + 4*f**2 - 3*f - 5. Let g be s(-4). Suppose -3*u = 2*a + 9, -u - 1 - g = -a. Is i(u) a multiple of 12?
True
Let g(l) = 4*l**2 + 2*l + 5. Let u(i) = -11*i**2 - 7*i - 14. Let y(d) = -8*g(d) - 3*u(d). Let m be y(-2). Let k = 4 - m. Does 4 divide k?
True
Let c(p) = 2*p**2 + 17*p - 106. Is c(6) a multiple of 5?
False
Let l be 4/(-8)*(-3 + -1). Suppose l*b - a = 18, 3 + 9 = b + a. Suppose -4*v + 0*g - 4*g + 28 = 0, 2*v - 2*g = b. Does 2 divide v?
True
Suppose -9*b + 3 = -33. Let t(r) = 10*r**2 - 2*r - 3. Does 24 divide t(b)?
False
Let p = 153 - 142. Is 4 a factor of p?
False
Let r = -8 + 12. Let d(c) = -c**3 + 2*c**3 + 4*c**2 - 8*c**2 + 4*c - 2 + 0. Is d(r) a multiple of 14?
True
Let i = -206 - -361. Does 5 divide i?
True
Let s(b) = -b**2 + 7*b + 8. Let q be s(7). Let t = -20 + q. Does 8 divide (t/5)/((-6)/20)?
True
Suppose -2*r + m - 134 + 1995 = 0, -5*r = -3*m - 4652. Does 19 divide r?
True
Let n be (-3)/(-2) + 96/(-64). Suppose n = 2*b - 66 - 186. Does 10 divide b?
False
Let x(n) be the third derivative of 2*n**5/15 - n**4/6 + n**3 - 8*n**2. Let g be x(3). Suppose -2*s - s + g = 0. Does 11 divide s?
True
Suppose -4*a + 1664 = 516. Suppose 0 = -4*n + a + 265. Is n a multiple of 24?
False
Suppose 7*p = 6*p + 3. Suppose p*u + 3*j - 279 = 0, 5*j = -4*u + 365 + 10. Is 22 a factor of u?
False
Let y(h) = h**3 - h**2 + h. Let u be y(0). Let l(v) = v**2 - v + 13. Is 13 a factor of l(u)?
True
Does 65 divide 3215*(-10)/(-50) - -7?
True
Let w = -314 - -519. Does 12 divide w?
False
Does 27 divide 0*(-4)/(-16) + 3 + 335?
False
Suppose 13*j - 88 = 11*j. Suppose t - 65 = j. Is t a multiple of 22?
False
Let a = -15 + 25. Let x(g) = 6*g - 17. Let s(v) = 17*v - 50. Let b(p) = 4*s(p) - 11*x(p). Does 5 divide b(a)?
False
Suppose x - 65 - 66 = -3*d, -5*x - 4*d + 644 = 0. Is 11 a factor of x?
False
Let h(n) = 5*n - 2. Let w = 178 - 168. Is h(w) a multiple of 8?
True
Let y be 4/18*-3*-39. Let w = y - 11. Is w a multiple of 2?
False
Suppose -17 = -5*h + j + 2, 2*h - 18 = 3*j. Suppose -o - 99 = -d, 403 = 3*d + d + h*o. Is d a multiple of 20?
True
Let s = -689 - -1040. Is s a multiple of 71?
False
Let y = 455 + -678. Let q = y + 388. Is 43 a factor of q?
False
Let f = 111 - -153. Does 11 divide f?
True
Is 30 a factor of (108/(-5))/(13/(-195))?
False
Let z(j) = j**2 + 15*j - 41. Is 3 a factor of z(4)?
False
Let v(g) = -2*g + 3 + 12*g - 7*g - g. Is 10 a factor of v(6)?
False
Suppose 2*t + 8 = 2*u, -5*u - 3*t + 10 = 2*t. Suppose 0 = u*a - 169 - 287. Does 27 divide a?
False
Let c = -24 - -27. Suppose -5*u - c*p + 50 = 0, -5*p + 29 = 3*u - 3*p. Is 13 a factor of u?
True
Suppose -4*h + 120 = -92. Suppose j + 6*l - h = 3*l, 0 = j - 3*l - 23. Is j a multiple of 31?
False
Let l = -14 - -16. Suppose -l = -3*j + j. Is 19 a factor of 4 - (15/(-1))/j?
True
Suppose -4*j + 5 = 3*g - 7, -3*g - 5*j = -15. Suppose -3*k - 2*y + 478 = g, -8*k + 3*k - y = -785. Does 26 divide k?
True
Suppose 11 = q + 3*y, 2*q - 3*y - 4 = -0*q. Suppose -2*k = -q*d + 98, 3 = -5*k + 8. Is d a multiple of 5?
True
Let i(c) = 10 + 3 - 13*c + 13 + 15*c. Is i(9) a multiple of 3?
False
Suppose 0 = -20*r - 3*r + 34776. Is 63 a factor of r?
True
Let v = 45 + -43. Suppose -v*s - 3*d - d = -16, 1 = -d. Is 10 a factor of s?
True
Does 7 divide 4*(194/12)/(7/21)?
False
Let n be (-2)/7 - 354/(-14). Let c(u) = 4*u + u**2 + 22 + u**2 - n. Is 10 a factor of c(3)?
False
Let b be (3/(-2))/(6/56). Let w = b - -35. Does 6 divide ((-18)/w)/((-3)/21)?
True
Let m(j) = 4*j + j - 2*j - 10 + j**2. Is 13 a factor of m(8)?
True
Let l = 91 - -21. Let z = l + -44. Is 17 a factor of z?
True
Let x be (-3)/6*-2 - -3. Suppose 0 = 2*t - 2*l - 30, -56 = -x*t + 6*l - l. Let h = t - -3. Is h a multiple of 11?
True
Let z be 36/(-10)*(-80)/(-4). Let o be ((-2)/10)/((-42)/(-15) - 3). Does 23 divide o/(-1 - z/71)?
False
Let y = 14 + -14. Suppose y = 2*p - 2*r - 284, -2*p - r - 722 = -7*p. Suppose p = 3*k + 2*h, 2*h + 200 = 4*k + 3*h. Does 22 divide k?
False
Suppose 3*v = -2*v, 5*w - v - 5 = 0. Let r be 1*(2 - w)*0. Suppose r = 2*c - 40 - 32. Is 6 a factor of c?
True
Suppose 3*d = 5*u - 1556, -10*d + 8*d = -3*u + 933. Does 38 divide u?
False
Suppose -3*c - 5*s = -7960, -9 = -3*s - 3. Is 10 a factor of c?
True
Let j = 94 - 91. Is 4*(j - (-21)/12) a multiple of 3?
False
Suppose -b - k + 17 = 0, b - 20 - 2 = -2*k. Suppose -q + 4*r = -13, 3*r = -3*q - 2*r - b. Let z(n) = 22*n. Does 12 divide z(q)?
False
Let s = -22 + 22. Suppose 2*z = s, -2 = -d + z + 4*z. Suppose d*j = -j + 45. Does 12 divide j?
False
Let b(j) = j**2 - 11*j + 7. Let x be b(8). Let z be (-76)/(-68) + 2/x. Suppose 35 = q + z. Is q a multiple of 17?
True
Let u be -10*(2/1)/((-4)/2). Let a = u - -38. Is a a multiple of 9?
False
Let n = 2 - 7. Let j = n + -46. Let y = -30 - j. Is 15 a factor of y?
False
Let v(f) = f**3 - 10*